375 and 59.
59
Calculate the greatest common divisor of 850746 and 71994.
1014
Calculate the highest common factor of 24928 and 60857.
19
Calculate the greatest common divisor of 385720 and 16040.
40
What is the greatest common divisor of 2013455 and 2695?
5
Calculate the highest common divisor of 191794 and 161092.
34
Calculate the highest common factor of 30 and 7090560.
30
What is the highest common divisor of 2176200 and 2356?
124
Calculate the highest common divisor of 3922 and 4136014.
106
Calculate the highest common factor of 3149216 and 896.
224
Calculate the highest common divisor of 84303 and 17168742.
2907
Calculate the highest common divisor of 874144 and 296.
8
Calculate the highest common factor of 27068 and 7373.
101
Calculate the greatest common divisor of 6730200 and 2160.
360
Calculate the highest common divisor of 60 and 7518045.
15
Calculate the highest common factor of 498317700 and 15.
15
What is the highest common factor of 2332600 and 109?
109
What is the highest common divisor of 3648 and 1085856?
96
Calculate the greatest common factor of 1464 and 12195669.
183
What is the highest common divisor of 4560903 and 163?
163
Calculate the greatest common factor of 11248 and 625936.
304
Calculate the highest common factor of 673877 and 891503.
1909
Calculate the highest common factor of 1117735256 and 1922.
1922
Calculate the highest common divisor of 573 and 82498821.
573
What is the highest common divisor of 667904 and 184064?
256
What is the highest common factor of 9 and 28792107?
9
Calculate the highest common factor of 39 and 97298630.
13
Calculate the highest common factor of 227402505 and 198.
99
Calculate the greatest common factor of 15981 and 159612901.
5327
Calculate the greatest common divisor of 31750333 and 94.
47
Calculate the greatest common factor of 1105816 and 20304.
376
Calculate the greatest common factor of 155 and 25898826.
31
What is the highest common divisor of 14476 and 52943?
11
What is the greatest common factor of 61676 and 30804?
68
Calculate the greatest common factor of 18236 and 229290346.
9118
What is the greatest common divisor of 1476 and 21691132?
164
Calculate the highest common factor of 178 and 4009361.
89
Calculate the greatest common factor of 376 and 1305942.
94
What is the greatest common divisor of 154 and 12072918?
22
What is the greatest common factor of 12820617 and 13?
1
What is the highest common divisor of 15135109 and 66211?
907
What is the highest common divisor of 17346 and 1469706?
294
What is the greatest common factor of 73109894 and 1122?
374
What is the highest common factor of 2669584 and 16?
16
Calculate the highest common factor of 429 and 14743157.
143
What is the greatest common factor of 26057671 and 16387?
2341
What is the greatest common divisor of 2526390 and 202500?
810
Calculate the greatest common factor of 21314 and 5378.
2
Calculate the highest common divisor of 48714 and 1664042.
706
Calculate the highest common divisor of 8162312 and 2040.
136
Calculate the greatest common factor of 676827 and 2669.
157
What is the greatest common factor of 184 and 2325139?
23
Calculate the highest common divisor of 1960 and 6572125.
245
Calculate the highest common factor of 20463605 and 776.
97
What is the greatest common factor of 194840016 and 112?
112
Calculate the highest common divisor of 302931597 and 8556.
2139
Calculate the highest common factor of 2662 and 38357.
121
Calculate the greatest common divisor of 55962 and 588834.
18
Calculate the highest common divisor of 148390930 and 1340.
670
Calculate the highest common factor of 7760 and 1741568.
16
What is the highest common factor of 3113113 and 310?
31
What is the highest common factor of 48836 and 1389564?
116
Calculate the highest common divisor of 24 and 41832156.
12
Calculate the highest common divisor of 1861 and 1539047.
1861
Calculate the highest common divisor of 3591 and 232351.
133
What is the greatest common factor of 72520308 and 32?
4
Calculate the highest common divisor of 21875 and 13608.
7
What is the highest common factor of 258 and 84754290?
258
What is the highest common divisor of 89609590 and 644?
14
What is the highest common divisor of 13070300 and 5800?
2900
What is the highest common divisor of 88 and 149782941?
11
What is the greatest common divisor of 754558 and 44926?
14
Calculate the highest common divisor of 1136690297 and 3466.
1733
Calculate the highest common divisor of 3865 and 5505.
5
Calculate the greatest common divisor of 45381351 and 2553.
111
Calculate the highest common factor of 50451814 and 3311.
301
Calculate the highest common divisor of 166752 and 37828.
772
What is the greatest common factor of 27934444 and 1876?
268
What is the greatest common factor of 1262072 and 2356?
124
Calculate the greatest common divisor of 3879 and 103932.
9
What is the greatest common factor of 213502663 and 11?
11
What is the greatest common factor of 1821552 and 336?
48
Calculate the greatest common divisor of 16699158 and 126.
126
What is the greatest common factor of 784176 and 393018?
186
What is the greatest common divisor of 118268678 and 11?
11
Calculate the highest common divisor of 979731 and 12351.
69
What is the greatest common factor of 504 and 15881688?
72
What is the greatest common divisor of 16748 and 744067?
53
What is the highest common factor of 18141679 and 947?
947
What is the highest common factor of 1740836 and 15655?
3131
Calculate the greatest common divisor of 133892549 and 98.
49
What is the greatest common factor of 53822 and 16219418?
3166
Calculate the highest common factor of 518384 and 5611.
181
Calculate the greatest common divisor of 56 and 91201978.
14
What is the greatest common factor of 15829 and 75977?
11
Calculate the highest common divisor of 1545201 and 1287.
9
What is the greatest common divisor of 149804 and 8792173?
2203
What is the greatest common factor of 5 and 195447295?
5
What is the greatest common factor of 13 and 53368341?
13
Calculate the greatest common factor of 862192 and 2384.
16
What is the greatest common divisor of 177437 and 117?
13
Calculate the highest common divisor of 7055 and 98380564.
1411
What is the greatest common factor of 481828 and 132?
4
What is the greatest common divisor of 19484725 and 5200?
325
What is the greatest common factor of 6755 and 5305160?
35
What is the highest common divisor of 5772 and 546564?
444
What is the highest common divisor of 62001678 and 51?
3
What is the greatest common factor of 392128 and 4774604?
2228
Calculate the greatest common factor of 49294300 and 5500.
1100
Calculate the highest common divisor of 3598192 and 14976.
208
What is the highest common divisor of 1002603 and 4137?
21
Calculate the greatest common divisor of 18 and 3820977.
9
What is the highest common factor of 24 and 9953796?
12
Calculate the highest common factor of 60 and 31321995.
15
What is the greatest common divisor of 228069 and 562572?
27
What is the highest common divisor of 2996434 and 12866?
14
What is the greatest common divisor of 245421385 and 187?
11
Calculate the greatest common divisor of 46243226 and 266.
38
Calculate the highest common divisor of 565564 and 1.
1
Calculate the greatest common factor of 36442753 and 59763.
1811
What is the highest common divisor of 608 and 35550254?
38
What is the highest common factor of 1536 and 206396?
4
What is the greatest common factor of 36519600 and 13572?
156
Calculate the greatest common factor of 16617 and 150336.
87
What is the highest common factor of 32061 and 6087?
3
Calculate the greatest common factor of 76347 and 91953.
153
What is the highest common divisor of 276 and 9948075?
69
What is the greatest common factor of 7083880 and 51125?
2045
Calculate the greatest common factor of 410 and 73079138.
82
What is the greatest common divisor of 2764248 and 129928?
1192
What is the greatest common divisor of 11 and 394743701?
11
Calculate the highest common divisor of 994654 and 766.
2
What is the highest common divisor of 792730 and 320?
10
Calculate the highest common factor of 440 and 169356.
44
Calculate the highest common divisor of 35 and 15648773.
7
Calculate the greatest common divisor of 15168 and 28677.
237
Calculate the highest